{"id":116,"date":"2014-03-30T18:58:57","date_gmt":"2014-03-30T18:58:57","guid":{"rendered":"http:\/\/www.proyectoatlas.com\/?page_id=116"},"modified":"2014-11-17T17:22:42","modified_gmt":"2014-11-17T17:22:42","slug":"ensambles-urbanos","status":"publish","type":"page","link":"http:\/\/www.proyectoatlas.com\/?page_id=116","title":{"rendered":"ENSAMBLES URBANOS"},"content":{"rendered":"<div><b>QUINTA INTERVENCI\u00d3N<\/b><\/div>\n<div><b>BCN 10\/10\/2013<\/b><\/div>\n<div><\/div>\n<div><b>E<\/b>vento realizado en un chafl\u00e1n exterior del solar de Germanetes, que reuni\u00f3 las necesidades y propuestas planteadas por l@s vecin@s en las sesiones de Cartograf\u00eda. Proyecto ATLAS realiz\u00f3 muebles con material recuperado de la calle (mesa, sillas, gradas, macetas, entre otros), pensados en funci\u00f3n del encuentro e instalados\u00a0 junto a una jardinera con plantas obtenidas de esquejes. Se sirvi\u00f3 un catering realizado por el colectivo y se invit\u00f3 al grupo de m\u00fasica \u201cLos polacos\u201d, integrado por una vecina del barrio. Ensambles Urbanos fue el evento que cerr\u00f3 el proceso llevado a cabo durante la convocatoria de la Sala d\u2019Art Jove, expuesto en la muestra Fuga: Variacions sobre una exposici\u00f3, en la Fundaci\u00f3 Antoni T\u00e0pies.<b><\/b><\/div>\n<div><\/div>\n<div><\/div>\n<div>C\/COMPTE DE BORRELL ESQUINA CONSELL DE CENT<\/div>\n<div><\/div>\n<div><\/div>\n<div style=\"text-align: center;\"><a href=\"http:\/\/www.proyectoatlas.com\/wp-content\/uploads\/2014\/03\/Ensambles-Urbanos.jpg\" target=\"_blank\"><img loading=\"lazy\" decoding=\"async\" class=\"wp-image-117 alignleft\" style=\"font-size: 14px; line-height: 1.5em;\" src=\"http:\/\/www.proyectoatlas.com\/wp-content\/uploads\/2014\/03\/Ensambles-Urbanos-1024x768.jpg\" alt=\"Ensambles Urbanos\" width=\"292\" height=\"219\" srcset=\"http:\/\/www.proyectoatlas.com\/wp-content\/uploads\/2014\/03\/Ensambles-Urbanos-1024x768.jpg 1024w, http:\/\/www.proyectoatlas.com\/wp-content\/uploads\/2014\/03\/Ensambles-Urbanos-300x225.jpg 300w, http:\/\/www.proyectoatlas.com\/wp-content\/uploads\/2014\/03\/Ensambles-Urbanos.jpg 1600w\" sizes=\"auto, (max-width: 292px) 100vw, 292px\" \/><\/a>\u00a0 \u00a0 \u00a0 \u00a0 \u00a0 \u00a0 \u00a0 \u00a0<a href=\"http:\/\/www.proyectoatlas.com\/wp-content\/uploads\/2014\/03\/ENSAMBLES22.jpg\" target=\"_blank\"><img loading=\"lazy\" decoding=\"async\" class=\"wp-image-147 alignnone\" src=\"http:\/\/www.proyectoatlas.com\/wp-content\/uploads\/2014\/03\/ENSAMBLES22.jpg\" alt=\"ENSAMBLES22\" width=\"193\" height=\"219\" \/><\/a><\/div>\n<p>&nbsp;<\/p>\n<div><a href=\"http:\/\/www.proyectoatlas.com\/wp-content\/uploads\/2014\/03\/Ensambles-Urbanos-3.jpg\" target=\"_blank\"><img loading=\"lazy\" decoding=\"async\" class=\"wp-image-119 alignleft\" src=\"http:\/\/www.proyectoatlas.com\/wp-content\/uploads\/2014\/03\/Ensambles-Urbanos-3-1024x768.jpg\" alt=\"Ensambles Urbanos (3)\" width=\"292\" height=\"219\" srcset=\"http:\/\/www.proyectoatlas.com\/wp-content\/uploads\/2014\/03\/Ensambles-Urbanos-3-1024x768.jpg 1024w, http:\/\/www.proyectoatlas.com\/wp-content\/uploads\/2014\/03\/Ensambles-Urbanos-3-300x225.jpg 300w, http:\/\/www.proyectoatlas.com\/wp-content\/uploads\/2014\/03\/Ensambles-Urbanos-3.jpg 1600w\" sizes=\"auto, (max-width: 292px) 100vw, 292px\" \/><\/a><\/div>\n<p style=\"text-align: left;\"><img loading=\"lazy\" decoding=\"async\" class=\"wp-image-118 aligncenter\" style=\"text-align: right; font-size: 14px; line-height: 1.5em;\" src=\"http:\/\/www.proyectoatlas.com\/wp-content\/uploads\/2014\/03\/Ensambles-Urbanos-2-1024x768.jpg\" alt=\"Ensambles Urbanos (2)\" width=\"292\" height=\"219\" srcset=\"http:\/\/www.proyectoatlas.com\/wp-content\/uploads\/2014\/03\/Ensambles-Urbanos-2-1024x768.jpg 1024w, http:\/\/www.proyectoatlas.com\/wp-content\/uploads\/2014\/03\/Ensambles-Urbanos-2-300x225.jpg 300w, http:\/\/www.proyectoatlas.com\/wp-content\/uploads\/2014\/03\/Ensambles-Urbanos-2.jpg 1600w\" sizes=\"auto, (max-width: 292px) 100vw, 292px\" \/><\/p>\n","protected":false},"excerpt":{"rendered":"<p>QUINTA INTERVENCI\u00d3N BCN 10\/10\/2013 Evento realizado en un chafl\u00e1n exterior del solar de Germanetes, que reuni\u00f3 las necesidades y propuestas planteadas por l@s vecin@s en las sesiones de Cartograf\u00eda. Proyecto ATLAS realiz\u00f3 muebles con material recuperado de la calle (mesa, sillas, gradas, macetas, entre otros), pensados en funci\u00f3n del encuentro e instalados\u00a0 junto a una [&hellip;]<\/p>\n","protected":false},"author":1,"featured_media":0,"parent":48,"menu_order":4,"comment_status":"closed","ping_status":"closed","template":"","meta":{"footnotes":""},"class_list":["post-116","page","type-page","status-publish","hentry"],"_links":{"self":[{"href":"http:\/\/www.proyectoatlas.com\/index.php?rest_route=\/wp\/v2\/pages\/116","targetHints":{"allow":["GET"]}}],"collection":[{"href":"http:\/\/www.proyectoatlas.com\/index.php?rest_route=\/wp\/v2\/pages"}],"about":[{"href":"http:\/\/www.proyectoatlas.com\/index.php?rest_route=\/wp\/v2\/types\/page"}],"author":[{"embeddable":true,"href":"http:\/\/www.proyectoatlas.com\/index.php?rest_route=\/wp\/v2\/users\/1"}],"replies":[{"embeddable":true,"href":"http:\/\/www.proyectoatlas.com\/index.php?rest_route=%2Fwp%2Fv2%2Fcomments&post=116"}],"version-history":[{"count":10,"href":"http:\/\/www.proyectoatlas.com\/index.php?rest_route=\/wp\/v2\/pages\/116\/revisions"}],"predecessor-version":[{"id":180,"href":"http:\/\/www.proyectoatlas.com\/index.php?rest_route=\/wp\/v2\/pages\/116\/revisions\/180"}],"up":[{"embeddable":true,"href":"http:\/\/www.proyectoatlas.com\/index.php?rest_route=\/wp\/v2\/pages\/48"}],"wp:attachment":[{"href":"http:\/\/www.proyectoatlas.com\/index.php?rest_route=%2Fwp%2Fv2%2Fmedia&parent=116"}],"curies":[{"name":"wp","href":"https:\/\/api.w.org\/{rel}","templated":true}]}}

<div><b>QUINTA INTERVENCIÓN</b></div>
<div><b>BCN 10/10/2013</b></div>
<div></div>
<div><b>E</b>vento realizado en un chaflán exterior del solar de Germanetes, que reunió las necesidades y propuestas planteadas por l@s vecin@s en las sesiones de Cartografía. Proyecto ATLAS realizó muebles con material recuperado de la calle (mesa, sillas, gradas, macetas, entre otros), pensados en función del encuentro e instalados  junto a una jardinera con plantas obtenidas de esquejes. Se sirvió un catering realizado por el colectivo y se invitó al grupo de música “Los polacos”, integrado por una vecina del barrio. Ensambles Urbanos fue el evento que cerró el proceso llevado a cabo durante la convocatoria de la Sala d’Art Jove, expuesto en la muestra Fuga: Variacions sobre una exposició, en la Fundació Antoni Tàpies.<b></b></div>
<div></div>
<div></div>
<div>C/COMPTE DE BORRELL ESQUINA CONSELL DE CENT</div>
<div></div>
<div></div>
<div style="text-align: center;"><a href="http://www.proyectoatlas.com/wp-content/uploads/2014/03/Ensambles-Urbanos.jpg" target="_blank"><img loading="lazy" decoding="async" class="wp-image-117 alignleft" style="font-size: 14px; line-height: 1.5em;" src="http://www.proyectoatlas.com/wp-content/uploads/2014/03/Ensambles-Urbanos-1024x768.jpg" alt="Ensambles Urbanos" width="292" height="219" srcset="http://www.proyectoatlas.com/wp-content/uploads/2014/03/Ensambles-Urbanos-1024x768.jpg 1024w, http://www.proyectoatlas.com/wp-content/uploads/2014/03/Ensambles-Urbanos-300x225.jpg 300w, http://www.proyectoatlas.com/wp-content/uploads/2014/03/Ensambles-Urbanos.jpg 1600w" sizes="auto, (max-width: 292px) 100vw, 292px" /></a>               <a href="http://www.proyectoatlas.com/wp-content/uploads/2014/03/ENSAMBLES22.jpg" target="_blank"><img loading="lazy" decoding="async" class="wp-image-147 alignnone" src="http://www.proyectoatlas.com/wp-content/uploads/2014/03/ENSAMBLES22.jpg" alt="ENSAMBLES22" width="193" height="219" /></a></div>
<p>&nbsp;</p>
<div><a href="http://www.proyectoatlas.com/wp-content/uploads/2014/03/Ensambles-Urbanos-3.jpg" target="_blank"><img loading="lazy" decoding="async" class="wp-image-119 alignleft" src="http://www.proyectoatlas.com/wp-content/uploads/2014/03/Ensambles-Urbanos-3-1024x768.jpg" alt="Ensambles Urbanos (3)" width="292" height="219" srcset="http://www.proyectoatlas.com/wp-content/uploads/2014/03/Ensambles-Urbanos-3-1024x768.jpg 1024w, http://www.proyectoatlas.com/wp-content/uploads/2014/03/Ensambles-Urbanos-3-300x225.jpg 300w, http://www.proyectoatlas.com/wp-content/uploads/2014/03/Ensambles-Urbanos-3.jpg 1600w" sizes="auto, (max-width: 292px) 100vw, 292px" /></a></div>
<p style="text-align: left;"><img loading="lazy" decoding="async" class="wp-image-118 aligncenter" style="text-align: right; font-size: 14px; line-height: 1.5em;" src="http://www.proyectoatlas.com/wp-content/uploads/2014/03/Ensambles-Urbanos-2-1024x768.jpg" alt="Ensambles Urbanos (2)" width="292" height="219" srcset="http://www.proyectoatlas.com/wp-content/uploads/2014/03/Ensambles-Urbanos-2-1024x768.jpg 1024w, http://www.proyectoatlas.com/wp-content/uploads/2014/03/Ensambles-Urbanos-2-300x225.jpg 300w, http://www.proyectoatlas.com/wp-content/uploads/2014/03/Ensambles-Urbanos-2.jpg 1600w" sizes="auto, (max-width: 292px) 100vw, 292px" /></p>

<p>QUINTA INTERVENCIÓN BCN 10/10/2013 Evento realizado en un chaflán exterior del solar de Germanetes, que reunió las necesidades y propuestas planteadas por l@s vecin@s en las sesiones de Cartografía. Proyecto ATLAS realizó muebles con material recuperado de la calle (mesa, sillas, gradas, macetas, entre otros), pensados en función del encuentro e instalados  junto a una [&hellip;]</p>
