{"id":129,"date":"2014-03-30T19:24:33","date_gmt":"2014-03-30T19:24:33","guid":{"rendered":"http:\/\/www.proyectoatlas.com\/?page_id=129"},"modified":"2014-11-17T17:23:12","modified_gmt":"2014-11-17T17:23:12","slug":"dispositius-post","status":"publish","type":"page","link":"http:\/\/www.proyectoatlas.com\/?page_id=129","title":{"rendered":"DISPOSITIUS-POST"},"content":{"rendered":"<p><b>SEXTA INTERVENCI\u00d3N\u00a0<\/b><\/p>\n<div><b><i>BCN 23-26\/01\/2014<\/i><\/b><\/div>\n<div><strong>PROPUESTA QUE PARTICIP\u00d3 EN DISPOSITIUS-POST, <\/strong><\/div>\n<div><strong>PROGRAMA IMPULSADO POR IDENSITAT Y RECREANT CRU\u00cfLLES.<\/strong><\/div>\n<div><\/div>\n<div>Creaci\u00f3n de un dispositivo m\u00f3vil que act\u00faa como un plat\u00f3 itinerante en el que grabar a l@s vecin@s explicando sus demandas y necesidades para difundirlas en el barrio, mostrando diversas problem\u00e1ticas de personas, con el fin de crear un lugar donde manifestar y solicitar servicios. Las demandas se enfocan en servicios cotidianos o ayudas que puedan ser atendidos por otr@ vecin@s o entidades del barrio, dispuestos a ayudar (subir o hacer la compra, cocinar, limpiar, cuidar ni\u00f1os, leer a adultos mayores, entre otros\u2026).<\/div>\n<div><\/div>\n<div><\/div>\n<p><img loading=\"lazy\" decoding=\"async\" class=\"wp-image-130 alignleft\" style=\"font-size: 14px; line-height: 1.5em;\" src=\"http:\/\/www.proyectoatlas.com\/wp-content\/uploads\/2014\/03\/Proyecto-Atlas-en-Dispositius-Post-2014-3-768x1024.jpg\" alt=\"Proyecto Atlas en Dispositius Post 2014 (3)\" width=\"277\" height=\"368\" srcset=\"http:\/\/www.proyectoatlas.com\/wp-content\/uploads\/2014\/03\/Proyecto-Atlas-en-Dispositius-Post-2014-3-768x1024.jpg 768w, http:\/\/www.proyectoatlas.com\/wp-content\/uploads\/2014\/03\/Proyecto-Atlas-en-Dispositius-Post-2014-3-225x300.jpg 225w\" sizes=\"auto, (max-width: 277px) 100vw, 277px\" \/><img loading=\"lazy\" decoding=\"async\" class=\"wp-image-131 alignright\" src=\"http:\/\/www.proyectoatlas.com\/wp-content\/uploads\/2014\/03\/Proyecto-Atlas-en-Dispositius-Post-2014-6-1024x768.jpg\" alt=\"Proyecto Atlas en Dispositius Post 2014 (6)\" width=\"306\" height=\"230\" srcset=\"http:\/\/www.proyectoatlas.com\/wp-content\/uploads\/2014\/03\/Proyecto-Atlas-en-Dispositius-Post-2014-6-1024x768.jpg 1024w, http:\/\/www.proyectoatlas.com\/wp-content\/uploads\/2014\/03\/Proyecto-Atlas-en-Dispositius-Post-2014-6-300x225.jpg 300w\" sizes=\"auto, (max-width: 306px) 100vw, 306px\" \/><\/p>\n","protected":false},"excerpt":{"rendered":"<p>SEXTA INTERVENCI\u00d3N\u00a0 BCN 23-26\/01\/2014 PROPUESTA QUE PARTICIP\u00d3 EN DISPOSITIUS-POST, PROGRAMA IMPULSADO POR IDENSITAT Y RECREANT CRU\u00cfLLES. Creaci\u00f3n de un dispositivo m\u00f3vil que act\u00faa como un plat\u00f3 itinerante en el que grabar a l@s vecin@s explicando sus demandas y necesidades para difundirlas en el barrio, mostrando diversas problem\u00e1ticas de personas, con el fin de crear un [&hellip;]<\/p>\n","protected":false},"author":1,"featured_media":0,"parent":48,"menu_order":3,"comment_status":"closed","ping_status":"closed","template":"","meta":{"footnotes":""},"class_list":["post-129","page","type-page","status-publish","hentry"],"_links":{"self":[{"href":"http:\/\/www.proyectoatlas.com\/index.php?rest_route=\/wp\/v2\/pages\/129","targetHints":{"allow":["GET"]}}],"collection":[{"href":"http:\/\/www.proyectoatlas.com\/index.php?rest_route=\/wp\/v2\/pages"}],"about":[{"href":"http:\/\/www.proyectoatlas.com\/index.php?rest_route=\/wp\/v2\/types\/page"}],"author":[{"embeddable":true,"href":"http:\/\/www.proyectoatlas.com\/index.php?rest_route=\/wp\/v2\/users\/1"}],"replies":[{"embeddable":true,"href":"http:\/\/www.proyectoatlas.com\/index.php?rest_route=%2Fwp%2Fv2%2Fcomments&post=129"}],"version-history":[{"count":9,"href":"http:\/\/www.proyectoatlas.com\/index.php?rest_route=\/wp\/v2\/pages\/129\/revisions"}],"predecessor-version":[{"id":179,"href":"http:\/\/www.proyectoatlas.com\/index.php?rest_route=\/wp\/v2\/pages\/129\/revisions\/179"}],"up":[{"embeddable":true,"href":"http:\/\/www.proyectoatlas.com\/index.php?rest_route=\/wp\/v2\/pages\/48"}],"wp:attachment":[{"href":"http:\/\/www.proyectoatlas.com\/index.php?rest_route=%2Fwp%2Fv2%2Fmedia&parent=129"}],"curies":[{"name":"wp","href":"https:\/\/api.w.org\/{rel}","templated":true}]}}

<p><b>SEXTA INTERVENCIÓN </b></p>
<div><b><i>BCN 23-26/01/2014</i></b></div>
<div><strong>PROPUESTA QUE PARTICIPÓ EN DISPOSITIUS-POST, </strong></div>
<div><strong>PROGRAMA IMPULSADO POR IDENSITAT Y RECREANT CRUÏLLES.</strong></div>
<div></div>
<div>Creación de un dispositivo móvil que actúa como un plató itinerante en el que grabar a l@s vecin@s explicando sus demandas y necesidades para difundirlas en el barrio, mostrando diversas problemáticas de personas, con el fin de crear un lugar donde manifestar y solicitar servicios. Las demandas se enfocan en servicios cotidianos o ayudas que puedan ser atendidos por otr@ vecin@s o entidades del barrio, dispuestos a ayudar (subir o hacer la compra, cocinar, limpiar, cuidar niños, leer a adultos mayores, entre otros…).</div>
<div></div>
<div></div>
<p><img loading="lazy" decoding="async" class="wp-image-130 alignleft" style="font-size: 14px; line-height: 1.5em;" src="http://www.proyectoatlas.com/wp-content/uploads/2014/03/Proyecto-Atlas-en-Dispositius-Post-2014-3-768x1024.jpg" alt="Proyecto Atlas en Dispositius Post 2014 (3)" width="277" height="368" srcset="http://www.proyectoatlas.com/wp-content/uploads/2014/03/Proyecto-Atlas-en-Dispositius-Post-2014-3-768x1024.jpg 768w, http://www.proyectoatlas.com/wp-content/uploads/2014/03/Proyecto-Atlas-en-Dispositius-Post-2014-3-225x300.jpg 225w" sizes="auto, (max-width: 277px) 100vw, 277px" /><img loading="lazy" decoding="async" class="wp-image-131 alignright" src="http://www.proyectoatlas.com/wp-content/uploads/2014/03/Proyecto-Atlas-en-Dispositius-Post-2014-6-1024x768.jpg" alt="Proyecto Atlas en Dispositius Post 2014 (6)" width="306" height="230" srcset="http://www.proyectoatlas.com/wp-content/uploads/2014/03/Proyecto-Atlas-en-Dispositius-Post-2014-6-1024x768.jpg 1024w, http://www.proyectoatlas.com/wp-content/uploads/2014/03/Proyecto-Atlas-en-Dispositius-Post-2014-6-300x225.jpg 300w" sizes="auto, (max-width: 306px) 100vw, 306px" /></p>

<p>SEXTA INTERVENCIÓN  BCN 23-26/01/2014 PROPUESTA QUE PARTICIPÓ EN DISPOSITIUS-POST, PROGRAMA IMPULSADO POR IDENSITAT Y RECREANT CRUÏLLES. Creación de un dispositivo móvil que actúa como un plató itinerante en el que grabar a l@s vecin@s explicando sus demandas y necesidades para difundirlas en el barrio, mostrando diversas problemáticas de personas, con el fin de crear un [&hellip;]</p>
