{"id":240,"date":"2014-11-17T17:41:24","date_gmt":"2014-11-17T17:41:24","guid":{"rendered":"http:\/\/www.proyectoatlas.com\/?page_id=240"},"modified":"2015-05-04T12:09:27","modified_gmt":"2015-05-04T12:09:27","slug":"constituyendonos","status":"publish","type":"page","link":"http:\/\/www.proyectoatlas.com\/?page_id=240","title":{"rendered":"CONSTITUY\u00c9NDONOS"},"content":{"rendered":"<p style=\"text-align: left;\"><a title=\"Constituy\u00e9ndonos\" href=\"http:\/\/www.constituyendonos.org\/\" target=\"_blank\"><strong>Constituy\u00e9ndonos<\/strong><\/a> es una iniciativa que\u00a0 nace con el objetivo cuestionar la Constituci\u00f3n Espa\u00f1ola de 1978 y preguntar a la ciudadan\u00eda c\u00f3mo cambiar\u00eda el contenido de esta Carta Magna, invitando a todas las personas a intervenir, redactar, modificar y comentarla v\u00eda online,\u00a0 para generar un nuevo documento, activo, din\u00e1mico y representativo.<\/p>\n<p style=\"text-align: left;\">Constituy\u00e9ndonos es un espacio de reflexi\u00f3n, discusi\u00f3n, participaci\u00f3n y opini\u00f3n, frente a una Constituci\u00f3n votada hace 36 a\u00f1os, y de la que se estima que m\u00e1s del 60% de las personas que pueden votar en el Estado Espa\u00f1ol, no pudo hacerlo cuando tuvo lugar el refer\u00e9ndum constitucional. A partir de su historia y significado, tanto pol\u00edtico como social, promovemos este espacio abierto a la ciudadan\u00eda donde plantear qu\u00e9 tipo de constituci\u00f3n le gustar\u00eda.<\/p>\n<p><a href=\"http:\/\/constituyendonos.org\/\" target=\"_blank\"><img loading=\"lazy\" decoding=\"async\" class=\"aligncenter wp-image-261 size-medium\" src=\"http:\/\/www.proyectoatlas.com\/wp-content\/uploads\/2014\/11\/jove-votant-247x300.jpg\" alt=\"jove votant\" width=\"247\" height=\"300\" srcset=\"http:\/\/www.proyectoatlas.com\/wp-content\/uploads\/2014\/11\/jove-votant-247x300.jpg 247w, http:\/\/www.proyectoatlas.com\/wp-content\/uploads\/2014\/11\/jove-votant.jpg 415w\" sizes=\"auto, (max-width: 247px) 100vw, 247px\" \/><\/a><\/p>\n","protected":false},"excerpt":{"rendered":"<p>Constituy\u00e9ndonos es una iniciativa que\u00a0 nace con el objetivo cuestionar la Constituci\u00f3n Espa\u00f1ola de 1978 y preguntar a la ciudadan\u00eda c\u00f3mo cambiar\u00eda el contenido de esta Carta Magna, invitando a todas las personas a intervenir, redactar, modificar y comentarla v\u00eda online,\u00a0 para generar un nuevo documento, activo, din\u00e1mico y representativo. Constituy\u00e9ndonos es un espacio de [&hellip;]<\/p>\n","protected":false},"author":1,"featured_media":0,"parent":48,"menu_order":1,"comment_status":"closed","ping_status":"closed","template":"","meta":{"footnotes":""},"class_list":["post-240","page","type-page","status-publish","hentry"],"_links":{"self":[{"href":"http:\/\/www.proyectoatlas.com\/index.php?rest_route=\/wp\/v2\/pages\/240","targetHints":{"allow":["GET"]}}],"collection":[{"href":"http:\/\/www.proyectoatlas.com\/index.php?rest_route=\/wp\/v2\/pages"}],"about":[{"href":"http:\/\/www.proyectoatlas.com\/index.php?rest_route=\/wp\/v2\/types\/page"}],"author":[{"embeddable":true,"href":"http:\/\/www.proyectoatlas.com\/index.php?rest_route=\/wp\/v2\/users\/1"}],"replies":[{"embeddable":true,"href":"http:\/\/www.proyectoatlas.com\/index.php?rest_route=%2Fwp%2Fv2%2Fcomments&post=240"}],"version-history":[{"count":6,"href":"http:\/\/www.proyectoatlas.com\/index.php?rest_route=\/wp\/v2\/pages\/240\/revisions"}],"predecessor-version":[{"id":264,"href":"http:\/\/www.proyectoatlas.com\/index.php?rest_route=\/wp\/v2\/pages\/240\/revisions\/264"}],"up":[{"embeddable":true,"href":"http:\/\/www.proyectoatlas.com\/index.php?rest_route=\/wp\/v2\/pages\/48"}],"wp:attachment":[{"href":"http:\/\/www.proyectoatlas.com\/index.php?rest_route=%2Fwp%2Fv2%2Fmedia&parent=240"}],"curies":[{"name":"wp","href":"https:\/\/api.w.org\/{rel}","templated":true}]}}