{"id":36,"date":"2014-01-20T13:34:41","date_gmt":"2014-01-20T13:34:41","guid":{"rendered":"http:\/\/www.proyectoatlas.com\/?page_id=36"},"modified":"2015-12-07T13:22:13","modified_gmt":"2015-12-07T13:22:13","slug":"actividades","status":"publish","type":"page","link":"http:\/\/www.proyectoatlas.com\/?page_id=36","title":{"rendered":"NEWS"},"content":{"rendered":"<p class=\"headline\"><strong>Presentaci\u00f3n del manual &#8220;15 planes terroristas&#8221;<\/strong><\/p>\n<h4 class=\"headline\">Mi\u00e9rcoles 9 de diciembre de 2015 a las 19:00 hr. en el <a href=\"https:\/\/www.facebook.com\/agorajuanandres\/?fref=ts\" target=\"_blank\">\u00c1gora Juan Andr\u00e9s<\/a> del Raval &#8211; Barcelona.<\/h4>\n<p class=\"headline\">Un proyecto de N\u00faria G\u00fcell y producido por Sant Andreu Contemporani.<\/p>\n<p class=\"headline\"><strong>Proyecto Atlas<\/strong> participa junto a Levi Orta, Ignacio Garc\u00eda S\u00e1nchez, Olalla G\u00f3mez, Diego D\u00edez, Guillem Portell, Al\u00e1n Carrasco, Mawa Tres, L\u00faa Coderch, Sergio Luna i Yasmina Mor\u00e1n, B\u00e1rbara S\u00e1nchez, Mario Santamar\u00eda, Claudia Pag\u00e8s, Ely Daou i Jes\u00fas Jurado.<br \/>\n\u00a1TE ESPERAMOS!<\/p>\n<p class=\"headline\"><a href=\"http:\/\/santandreucontemporani.org\/es\/activitats\/quinze-plans-terroristes\" target=\"_blank\"><img loading=\"lazy\" decoding=\"async\" class=\"alignnone wp-image-296\" src=\"http:\/\/www.proyectoatlas.com\/wp-content\/uploads\/2014\/01\/15-planes-212x300.jpg\" alt=\"15 planes\" width=\"244\" height=\"345\" srcset=\"http:\/\/www.proyectoatlas.com\/wp-content\/uploads\/2014\/01\/15-planes-212x300.jpg 212w, http:\/\/www.proyectoatlas.com\/wp-content\/uploads\/2014\/01\/15-planes.jpg 636w\" sizes=\"auto, (max-width: 244px) 100vw, 244px\" \/><\/a><\/p>\n<p>&nbsp;<\/p>\n<h4 class=\"headline\"><img loading=\"lazy\" decoding=\"async\" class=\"alignnone wp-image-279\" src=\"http:\/\/www.proyectoatlas.com\/wp-content\/uploads\/2014\/01\/Espacio-compartido-300x169.jpg\" alt=\"Espacio compartido\" width=\"380\" height=\"214\" srcset=\"http:\/\/www.proyectoatlas.com\/wp-content\/uploads\/2014\/01\/Espacio-compartido-300x169.jpg 300w, http:\/\/www.proyectoatlas.com\/wp-content\/uploads\/2014\/01\/Espacio-compartido.jpg 644w\" sizes=\"auto, (max-width: 380px) 100vw, 380px\" \/><\/h4>\n<h4 class=\"headline\"><\/h4>\n<h4 class=\"headline\"><\/h4>\n<h4 class=\"headline\"><strong><span style=\"text-decoration: underline;\"><a title=\"El arte toma el mando en la cabina de control del bilba\u00edno Puente de Deusto\" href=\"http:\/\/www.abc.es\/cultura\/cultural\/20150529\/abci-arte-intervenciones-puente-deusto-201505291936.html\" target=\"_blank\">El arte toma el mando en la cabina de control del bilba\u00edno Puente de Deusto<\/a><\/span><\/strong><\/h4>\n<p style=\"text-align: justify;\">&#8220;As\u00ed lo ha entendido <a class=\"a\" title=\"Proyecto Atlas\" href=\"http:\/\/www.proyectoatlas.com\/\" target=\"_blank\">Proyecto Atlas<\/a>, que primero desarroll\u00f3 en el Bizkaia Aretoa de Bilbao las jornadas tituladas <a title=\"Constituy\u00e9ndonos\" href=\"http:\/\/constituyendonos.org\/\" target=\"_blank\">\u00abConstituy\u00e9ndonos\u00bb<\/a>, y que ahora trasladan sus conclusiones a la cabina en la pieza Espacio compartido. El colectivo part\u00eda de la r\u00edgida interpretaci\u00f3n que en ocasiones se realiza de la Carta Magna, desarrollando en su taller un articulado m\u00e1s flexible para la misma. Este es el que se traslada ahora al puente, donde se reproducen ampliadas dos fotograf\u00edas de la aprobaci\u00f3n del texto constitucional en el Congreso de los Diputados de 1978&#8243;. (<a title=\"+info\" href=\"http:\/\/www.abc.es\/cultura\/cultural\/20150529\/abci-arte-intervenciones-puente-deusto-201505291936.html\" target=\"_blank\">+info<\/a>)<\/p>\n<h4><a title=\"http:\/\/constituyendonos.org\/\" href=\"http:\/\/constituyendonos.org\/\" target=\"_blank\">Constituy\u00e9ndonos<\/a> en <a title=\"http:\/\/artepuentededeusto.blogspot.com.es\/2015\/05\/proyecto-atlas.html\" href=\"http:\/\/artepuentededeusto.blogspot.com.es\/2015\/05\/proyecto-atlas.html\" target=\"_blank\">arte Puente de Deusto, Bilbao.<\/a><\/h4>\n<p style=\"text-align: justify;\"><strong>&#8220;<span class=\"il\">Espacio<\/span> compartido&#8221;<\/strong> es el resultado del taller Constituy\u00e9ndonos, realizado por el colectivo Proyecto Atlas, el\u00a0 viernes 8 de mayo de 2015 en el Paraninfo de la UPV-EHU de Bilbao.<\/p>\n<div style=\"text-align: justify;\"><a href=\"http:\/\/constituyendonos.org\/\" target=\"_blank\">http:\/\/constituyendonos.org\/<\/a> \u00a0nace con el objetivo de cuestionar la Constituci\u00f3n Espa\u00f1ola de 1978, votada por el 31,51% de la poblaci\u00f3n viva actual, y de la que se estima que m\u00e1s del 68,49% de las personas que pueden votar en el Estado Espa\u00f1ol, no pudo hacerlo cuando tuvo lugar el refer\u00e9ndum constitucional.\u00a0 A partir de su historia y significado, tanto pol\u00edtico como social, promovemos este <span class=\"il\">espacio<\/span> abierto a la ciudadan\u00eda donde plantear qu\u00e9 tipo de constituci\u00f3n le gustar\u00eda; invitando a todas las personas a intervenirla, a\u00f1adir contenidos, comentar, entre otros, para generar un nuevo documento, activo, din\u00e1mico y directo.<\/div>\n<div style=\"text-align: justify;\"><\/div>\n<div style=\"text-align: justify;\"><span class=\"il\">&#8220;Espacio<\/span> compartido&#8221; es un nuevo art\u00edculo creado colectivamente durante el taller, para una hipot\u00e9tica constituci\u00f3n. La intervenci\u00f3n art\u00edstica en la caseta del Puente de Deusto reflexiona sobre la distorsi\u00f3n de los acontecimientos y el inmovilismo temporal que rige la actual Carta Magna, mediante la ampliaci\u00f3n de dos fotograf\u00edas de la aprobaci\u00f3n del texto constitucional en el Congreso de los Diputados.<\/div>\n<p><a href=\"http:\/\/www.proyectoatlas.com\/?attachment_id=272\" target=\"_blank\"><img loading=\"lazy\" decoding=\"async\" class=\"alignnone wp-image-272\" src=\"http:\/\/www.proyectoatlas.com\/wp-content\/uploads\/2014\/01\/MONTAJE-ATLAS-4-300x221.jpg\" alt=\"MONTAJE ATLAS 4\" width=\"379\" height=\"279\" srcset=\"http:\/\/www.proyectoatlas.com\/wp-content\/uploads\/2014\/01\/MONTAJE-ATLAS-4-300x221.jpg 300w, http:\/\/www.proyectoatlas.com\/wp-content\/uploads\/2014\/01\/MONTAJE-ATLAS-4-1024x753.jpg 1024w, http:\/\/www.proyectoatlas.com\/wp-content\/uploads\/2014\/01\/MONTAJE-ATLAS-4.jpg 1200w\" sizes=\"auto, (max-width: 379px) 100vw, 379px\" \/><\/a><\/p>\n<p><a href=\"http:\/\/www.proyectoatlas.com\/?attachment_id=273\" target=\"_blank\"><img loading=\"lazy\" decoding=\"async\" class=\"alignnone wp-image-273\" src=\"http:\/\/www.proyectoatlas.com\/wp-content\/uploads\/2014\/01\/MONTAJE-ATLAS-300x68.jpeg\" alt=\"MONTAJE ATLAS\" width=\"379\" height=\"85\" srcset=\"http:\/\/www.proyectoatlas.com\/wp-content\/uploads\/2014\/01\/MONTAJE-ATLAS-300x68.jpeg 300w, http:\/\/www.proyectoatlas.com\/wp-content\/uploads\/2014\/01\/MONTAJE-ATLAS.jpeg 960w\" sizes=\"auto, (max-width: 379px) 100vw, 379px\" \/><\/a><\/p>\n<p>&nbsp;<\/p>\n<p>TALLER\u00a0<a href=\"http:\/\/constituyendonos.org\/\" target=\"_blank\">CONSTITUY\u00c9NDONOS<\/a>.\u00a0Viernes 8 de Mayo de 10-14 y de 16-20h en el Paraninfo de la UPV-Bilbao.<\/p>\n<h4><img loading=\"lazy\" decoding=\"async\" class=\"alignnone wp-image-256\" src=\"http:\/\/www.proyectoatlas.com\/wp-content\/uploads\/2014\/01\/mujeres-300x193.jpg\" alt=\"REFERENDUM. 6 DE NOVIEMBRE 1978.ARCHIVADOR 16. CARPETA 17.REPORTAJE\" width=\"379\" height=\"244\" srcset=\"http:\/\/www.proyectoatlas.com\/wp-content\/uploads\/2014\/01\/mujeres-300x193.jpg 300w, http:\/\/www.proyectoatlas.com\/wp-content\/uploads\/2014\/01\/mujeres.jpg 425w\" sizes=\"auto, (max-width: 379px) 100vw, 379px\" \/><\/h4>\n<p style=\"text-align: left;\">Partiendo del refer\u00e9ndum sobre la constituci\u00f3n realizado en 1978 <strong>Proyecto Atlas<\/strong> propone un taller que plantea una revisi\u00f3n hist\u00f3rica de documentaci\u00f3n de la \u00e9poca. Esta intervenci\u00f3n art\u00edstica necesita de la participaci\u00f3n del p\u00fablico y el resultado se expondr\u00e1 en la Caseta del Puente de Deusto\u00a0 del 15\/5 al 29\/06. Viernes 8 de mayo de 10:00 &#8211; 14.00 h y de 16.00 &#8211; 20.00h en el Paraninfo de la UPV \u2013 Bizkaia Aretoa.\u00a0<strong>Entrada gratuita hasta completar aforo previa <a title=\"Inscripci\u00f3n Aqu\u00ed\" href=\"https:\/\/docs.google.com\/forms\/d\/1neLPUcmOucUMrShplXmpeN_C0uLadVs88DddcEMCy5w\/viewform?c=0&amp;w=1\" target=\"_blank\">INSCRIPCI\u00d3N AQU\u00cd\u00a0<\/a>\u00f3 en el tfno 944205328<\/strong><\/p>\n<p>&nbsp;<\/p>\n<p><a title=\"www.constituyendonos.org\" href=\"http:\/\/constituyendonos.org\/\" target=\"_blank\">WWW.CONSTITUYENDONOS.ORG <\/a><\/p>\n<p>en <a title=\"UNCOVERINGCTRL\" href=\"http:\/\/www.uncoveringctrl.org\/2014\/12\/constituyendonos-una-herramienta-para.html\" target=\"_blank\">UNCOVERINGCTRL<\/a><\/p>\n<p><a href=\"http:\/\/www.proyectoatlas.com\/wp-content\/uploads\/2014\/01\/Captura-COnstituy\u00e9ndonos.png\" target=\"_blank\"><img loading=\"lazy\" decoding=\"async\" class=\"alignnone wp-image-252 size-medium\" src=\"http:\/\/www.proyectoatlas.com\/wp-content\/uploads\/2014\/01\/Captura-COnstituy\u00e9ndonos-300x173.png\" alt=\"Captura COnstituy\u00e9ndonos\" width=\"300\" height=\"173\" srcset=\"http:\/\/www.proyectoatlas.com\/wp-content\/uploads\/2014\/01\/Captura-COnstituy\u00e9ndonos-300x173.png 300w, http:\/\/www.proyectoatlas.com\/wp-content\/uploads\/2014\/01\/Captura-COnstituy\u00e9ndonos-1024x592.png 1024w, http:\/\/www.proyectoatlas.com\/wp-content\/uploads\/2014\/01\/Captura-COnstituy\u00e9ndonos.png 1080w\" sizes=\"auto, (max-width: 300px) 100vw, 300px\" \/><\/a><\/p>\n<p>&nbsp;<\/p>\n<p><a title=\"CONSTITUY\u00c9NDONOS\" href=\"http:\/\/www.constituyendonos.org\/\" target=\"_blank\"><strong>CONSTITUY\u00c9NDONOS<\/strong><\/a><\/p>\n<p>La nueva propuesta de Proyecto Atlas.<br \/>\nDel 17N del 2014 al 17F del 2015<\/p>\n<p><a href=\"http:\/\/www.constituyendonos.org\/\" target=\"_blank\"><img loading=\"lazy\" decoding=\"async\" class=\"alignnone size-medium wp-image-241\" src=\"http:\/\/www.proyectoatlas.com\/wp-content\/uploads\/2014\/11\/constituyendonos.org_-243x300.jpg\" alt=\"constituyendonos.org\" width=\"243\" height=\"300\" srcset=\"http:\/\/www.proyectoatlas.com\/wp-content\/uploads\/2014\/11\/constituyendonos.org_-243x300.jpg 243w, http:\/\/www.proyectoatlas.com\/wp-content\/uploads\/2014\/11\/constituyendonos.org_.jpg 705w\" sizes=\"auto, (max-width: 243px) 100vw, 243px\" \/><\/a><\/p>\n<p><strong>La Consulta\u00a0<\/strong><\/p>\n<p><b>Intervenci\u00f3n<\/b><strong>\u00a0en el espacio p\u00fablico. Invitamos a todas las personas a modificar la Constituci\u00f3n Espa\u00f1ola.<\/strong><\/p>\n<p><strong>VIERNES 12 SEPTIEMBRE \/ 12.00. Plaza de la Constituci\u00f3n de Rivas Vaciamadrid.<\/strong><\/p>\n<p><img loading=\"lazy\" decoding=\"async\" class=\"alignnone wp-image-220 size-medium\" src=\"http:\/\/www.proyectoatlas.com\/wp-content\/uploads\/2014\/01\/FLYER-JORNADA-CULTURA-EN-LA-CALLE-2014-284x300.jpg\" alt=\"PUBLI CULTURA EN LA CALLE 2014\" width=\"284\" height=\"300\" srcset=\"http:\/\/www.proyectoatlas.com\/wp-content\/uploads\/2014\/01\/FLYER-JORNADA-CULTURA-EN-LA-CALLE-2014-284x300.jpg 284w, http:\/\/www.proyectoatlas.com\/wp-content\/uploads\/2014\/01\/FLYER-JORNADA-CULTURA-EN-LA-CALLE-2014.jpg 885w\" sizes=\"auto, (max-width: 284px) 100vw, 284px\" \/><\/p>\n<p>El segundo Concurso de Intervenciones Art\u00edstica de Rivas comienza con una invitaci\u00f3n del colectivo barcelon\u00e9s Proyecto Atlas para que la ciudadan\u00eda ripense cambie, subraye o sugiera c\u00f3mo le gustar\u00eda que fuese la Constituci\u00f3n espa\u00f1ola.<\/p>\n<p style=\"text-align: left;\">Para ello se habilita una instalaci\u00f3n en la plaza de la Constituci\u00f3n -d\u00f3nde si no-, que estar\u00e1 operativa a partir de las 12.00 del viernes 12. &#8220;Invitamos a crear un espacio de cuestionamiento y opini\u00f3n ante una Constituci\u00f3n votada hace 36 a\u00f1os, de la que m\u00e1s del 60% de las personas que pueden votar en Espa\u00f1a no pudo hacerlo en 1978 cuando tuvo lugar el refer\u00e9ndum&#8221;.<\/p>\n<p><a title=\"+ informaci\u00f3n\" href=\"http:\/\/www.rivasciudad.es\/portal\/festivalculturaenlacalle\/site_contenedor_ficha.jsp?seccion=site_s_fnot_d4_v1.jsp&amp;contenido=22506&amp;nivel=1400&amp;tipo=8&amp;codResi=1&amp;codMenu=736\" target=\"_blank\">+ informaci\u00f3n<\/a><\/p>\n<p><a href=\"http:\/\/www.proyectoatlas.com\/wp-content\/uploads\/2014\/01\/Taula-Rodona.jpg\"><br \/>\n<\/a><a href=\"http:\/\/www.proyectoatlas.com\/wp-content\/uploads\/2014\/01\/Taula-Rodona.jpg\"><img loading=\"lazy\" decoding=\"async\" class=\"alignleft wp-image-172 size-medium\" src=\"http:\/\/www.proyectoatlas.com\/wp-content\/uploads\/2014\/01\/Taula-Rodona-300x189.jpg\" alt=\"Poster_A3_Marta\" width=\"300\" height=\"189\" srcset=\"http:\/\/www.proyectoatlas.com\/wp-content\/uploads\/2014\/01\/Taula-Rodona-300x189.jpg 300w, http:\/\/www.proyectoatlas.com\/wp-content\/uploads\/2014\/01\/Taula-Rodona-1024x646.jpg 1024w, http:\/\/www.proyectoatlas.com\/wp-content\/uploads\/2014\/01\/Taula-Rodona.jpg 1292w\" sizes=\"auto, (max-width: 300px) 100vw, 300px\" \/><\/a><\/p>\n<h3 style=\"color: #3b3b3b;\"><\/h3>\n<h3 style=\"color: #3b3b3b;\">Espai de Cultura ETSAB.\u00a06 de Maig, 17:00 (Av Diagonal 649-651)<\/h3>\n<h3 style=\"color: #3b3b3b;\">Exposici\u00f3 + Taula Rodona. POSTCONSTRUCCI\u00d3. Barcelona.<\/h3>\n<p style=\"color: #3b3b3b;\"><strong>POSTCONSTRUCCI\u00d3<\/strong>\u00a0fa refer\u00e8ncia a tot all\u00f2 que esdev\u00e9 o hauria de plantejar-se despr\u00e9s de la construcci\u00f3 tant de l\u2019espai f\u00edsic com del social: Qu\u00e8 fem amb els pisos buits constru\u00efts i sense ocupar? Qu\u00e8 fem amb aquells espais residuals o urbanitzacions constru\u00efdes? Qu\u00e8 fem amb tot el que hem apr\u00e8s a la carrera? Qu\u00e8 fem amb tots els projectes que hem pensat i ideat, que hem constru\u00eft en la nostra ment, quan veiem que mai els podrem fer realitat? A totes aquestes preguntes se\u2019n deriven unes respostes positives, proactives: Quines eines tenim per a repensar la manera de fer? Com podem compartir les eines per a una millor organitzaci\u00f3, participaci\u00f3, col\u00b7laboraci\u00f3 i col\u00b7lectivitzaci\u00f3 en la presa de decisions que afecten la nostra ciutat? Quin \u00e9s ara el paper de l\u2019arquitecte, l\u2019artista o l\u2019urbanista? Aquestes preguntes obren l&#8217;<strong>Exposici\u00f3 i la Taula Rodona<\/strong>\u00a0que es proposa amb el mateix nom de POSTCONSTRUCCI\u00d3.<\/p>\n<p style=\"text-align: left;\"><img loading=\"lazy\" decoding=\"async\" class=\"alignnone wp-image-37 size-medium\" src=\"http:\/\/www.proyectoatlas.com\/wp-content\/uploads\/2014\/01\/dispositius-post-275x300.jpg\" alt=\"dispositius post\" width=\"275\" height=\"300\" srcset=\"http:\/\/www.proyectoatlas.com\/wp-content\/uploads\/2014\/01\/dispositius-post-275x300.jpg 275w, http:\/\/www.proyectoatlas.com\/wp-content\/uploads\/2014\/01\/dispositius-post.jpg 500w\" sizes=\"auto, (max-width: 275px) 100vw, 275px\" \/><\/p>\n<p style=\"text-align: left;\"><strong>DISPOSITIVOS POST-\u00a0<\/strong>#3 |\u00a0<strong>S+T+I<\/strong><\/p>\n<p style=\"text-align: left;\"><strong style=\"line-height: 1.5em;\"><em>Pr\u00e1cticas art\u00edsticas y redes de acci\u00f3n ciudadana en contextos post-crisis.<\/em><\/strong><\/p>\n<p style=\"text-align: left;\"><strong><strong>18-24-25-26.01.2014 |\u00a0<\/strong>SEMINARIO + TALLER + INTERVENCIONES<\/strong>\u00a0en el marco de\u00a0<strong>FAQ: Zona de preguntas frecuentes<\/strong><\/p>\n<p style=\"text-align: left;\"><strong>25.01.2014\u00a0&#8211; 26.02.2014<\/strong>|\u00a0<strong>INTERVENCIONES EN EL ESPACIO P\u00daBLICO<br \/>\n<\/strong>Lugar: Alrededor del solar de Germanetes est\u00e1 situado en el cruce entre Consell de Cent y Comte Borrell de Barcelona.<\/p>\n<p style=\"text-align: left;\"><strong>Maria Anwander\u00a0<\/strong>[Berl\u00edn]<strong>\u00a0<\/strong>|<strong>\u00a0Catie de Balmann\u00a0<\/strong>[Par\u00eds]<strong>\u00a0<\/strong>|<strong>\u00a0Olaia Send\u00f3n\u00a0<\/strong>[A Coru\u00f1a]<strong>\u00a0<\/strong>|<strong>\u00c1lvaro Mu\u00f1oz Ledo\u00a0<\/strong>[Barcelona]<strong>\u00a0<\/strong>|<strong>Proyecto Atlas (Constanza Jarpa, Juan Pablo Mart\u00ednez, Miquel Garc\u00eda, Juan Arturo Piedrahita e Isadora Willson)<\/strong>[Barcelona] |<strong>\u00a0Raons P\u00fabliques<\/strong>[Barcelona]<strong>\u00a0<\/strong>|<strong>\u00a0Laia Sol\u00e9\u00a0<\/strong>[New York] |<strong>\u00a0Grup DIX-POSITIVOS<\/strong>[Barcelona] |<strong>\u00a0Gian Luca Cresciani\u00a0<\/strong>[Roma]<\/p>\n","protected":false},"excerpt":{"rendered":"<p>Presentaci\u00f3n del manual &#8220;15 planes terroristas&#8221; Mi\u00e9rcoles 9 de diciembre de 2015 a las 19:00 hr. en el \u00c1gora Juan Andr\u00e9s del Raval &#8211; Barcelona. Un proyecto de N\u00faria G\u00fcell y producido por Sant Andreu Contemporani. Proyecto Atlas participa junto a Levi Orta, Ignacio Garc\u00eda S\u00e1nchez, Olalla G\u00f3mez, Diego D\u00edez, Guillem Portell, Al\u00e1n Carrasco, Mawa [&hellip;]<\/p>\n","protected":false},"author":1,"featured_media":0,"parent":0,"menu_order":3,"comment_status":"closed","ping_status":"closed","template":"","meta":{"footnotes":""},"class_list":["post-36","page","type-page","status-publish","hentry"],"_links":{"self":[{"href":"http:\/\/www.proyectoatlas.com\/index.php?rest_route=\/wp\/v2\/pages\/36","targetHints":{"allow":["GET"]}}],"collection":[{"href":"http:\/\/www.proyectoatlas.com\/index.php?rest_route=\/wp\/v2\/pages"}],"about":[{"href":"http:\/\/www.proyectoatlas.com\/index.php?rest_route=\/wp\/v2\/types\/page"}],"author":[{"embeddable":true,"href":"http:\/\/www.proyectoatlas.com\/index.php?rest_route=\/wp\/v2\/users\/1"}],"replies":[{"embeddable":true,"href":"http:\/\/www.proyectoatlas.com\/index.php?rest_route=%2Fwp%2Fv2%2Fcomments&post=36"}],"version-history":[{"count":10,"href":"http:\/\/www.proyectoatlas.com\/index.php?rest_route=\/wp\/v2\/pages\/36\/revisions"}],"predecessor-version":[{"id":300,"href":"http:\/\/www.proyectoatlas.com\/index.php?rest_route=\/wp\/v2\/pages\/36\/revisions\/300"}],"wp:attachment":[{"href":"http:\/\/www.proyectoatlas.com\/index.php?rest_route=%2Fwp%2Fv2%2Fmedia&parent=36"}],"curies":[{"name":"wp","href":"https:\/\/api.w.org\/{rel}","templated":true}]}}